f t?
4
Let y = -17884 - -30216. What is the units digit of y?
2
Let w(c) = 9165*c**2 - 14*c - 38. What is the ten thousands digit of w(-2)?
3
Suppose h = j + 262, j - 199 = 4*h - 1253. Suppose 0 = -5*x + 11 + h. Suppose -9*i = -x - 188. What is the units digit of i?
7
Let g = 8819 - 2155. Suppose 2*h = 5*o + 3367, -4*o = -2*h + 6*h - g. What is the tens digit of h?
7
Let n = 15775 + -14272. What is the tens digit of n?
0
Let c(u) = -51*u + 37. Let v be c(1). Suppose -2*z + 6 + 2 = 0. What is the units digit of -7*(92/v - z)?
4
What is the thousands digit of (-91626)/(-18)*3 - (-21 + 19)?
5
Suppose z + z + 3*d = -65, -d + 188 = -5*z. Let w be 10/(-50) + (-422)/(-10). Let h = z + w. What is the units digit of h?
5
Let l = -4 + -525. Let k = l - -808. What is the units digit of k?
9
Suppose -3 = -l, -3*c = 4*l + 166 - 616. Let d = 662 - c. What is the tens digit of d?
1
Suppose -4*c + 21286 = 2*r, 11*c - 12 = -56. What is the tens digit of r?
5
Let b(i) = -i**3 - 5*i**2 + 5*i - 3. Let m be b(-6). Suppose 6*x - m*z = 2*x + 62, 4*z - 48 = -4*x. What is the tens digit of (-219)/(-1)*x/21?
4
Let h be 22/6 - (-6)/(-9). Let v(c) be the third derivative of 3*c**4/2 + 31*c**2. What is the hundreds digit of v(h)?
1
Let y(o) = -2*o**2 + 19*o - 23. Let g be y(7). Let n be (g/4 - 0 - -26)*1. Let p = 18 + n. What is the units digit of p?
7
Suppose -10*b + 4*h - 182 = -12*b, 5*h + 191 = 2*b. Suppose -b - 54 = -y. What is the hundreds digit of y?
1
Let w(v) be the first derivative of 26*v**4/3 + v**3/2 + v**2/2 + 9*v - 17. Let p(o) be the first derivative of w(o). What is the units digit of p(-1)?
2
Let p = -7 + 23. Let h = p + -16. Suppose -3*c = 2*s - 145, h = 5*c - 0*c - 15. What is the tens digit of s?
6
What is the tens digit of 30/(-60)*-974*1?
8
What is the thousands digit of (2/(-5) - 26/10)*12746/(-6)?
6
Suppose -a - 4 - 6 = 3*s, -24 = 5*s - 2*a. What is the units digit of (1/s)/((-33)/52008)?
4
Suppose 2*l - 6 = -f + 3, l + f - 6 = 0. Suppose -l*k - 5*v + 681 = -869, v = 2*k - 1029. What is the units digit of k?
5
Suppose 3*b - 25*c = -22*c + 27, 4*c = -16. Suppose 0 = -2*m + v + 1649, 0 = -4*m + b*v + 2889 + 406. What is the units digit of m?
5
Let n = -151 - -292. Let w(c) = -12*c**2 + 33*c + 12. Let z be w(3). Suppose 60 = z*m - n. What is the units digit of m?
7
What is the hundreds digit of -944*5*1/10*-12?
6
Let u(o) = -68*o + 12. Let i be u(-1). Let s = i - 76. Suppose s*g + 246 = 1170. What is the tens digit of g?
3
Let m = -36 + 37. Let y be 2*m*1/(-2)*-39. Let j = 124 - y. What is the tens digit of j?
8
Let z be (-60)/16 - -3 - (-594)/24. Suppose 7*c - 28954 = -z*c. What is the hundreds digit of c?
9
What is the hundreds digit of (-283400)/(-16) - 4/8?
7
Let v = 5 + -67. Let h be v + 3/(-2 + -1). Let z = h - -89. What is the tens digit of z?
2
Let d = -44 - -48. Suppose -y - 15 = -4*h, 4*h - 5 = -d*y + 35. Suppose -3*a - 348 = -3*b, -5*b - 298 = h*a - 898. What is the hundreds digit of b?
1
What is the units digit of 6/(-8)*(-14)/(4/(11 + 5))?
2
Suppose 2*m - 6 = 0, -4*z - m = 2*m - 29. Suppose 0 = l - z*c - 268, -2*l + 6*l = 5*c + 1117. What is the hundreds digit of l?
2
Suppose -f + 8 = -6. Suppose -2*u + 7*u = -270. Let d = f - u. What is the units digit of d?
8
Suppose 9*f + f = 40. Suppose 3*v + 360 = c - 0*c, c - 381 = -f*v. What is the units digit of c?
9
Suppose 93329 = 63*q - 34600 + 31728. What is the hundreds digit of q?
5
Let f = -11068 + 31760. What is the tens digit of f?
9
Let v(p) = 128*p + 223. Let s be (-114)/(-30) + (-5)/(-25). What is the units digit of v(s)?
5
Let t(u) be the first derivative of u**4/12 - 9*u**2 - 9*u + 19. Let h(z) be the first derivative of t(z). What is the units digit of h(13)?
1
Let z = 711 - 383. What is the tens digit of z?
2
Let q(i) = 22*i**2 + 7*i - 5. Let b be q(3). Let t = 409 - b. What is the hundreds digit of t?
1
Suppose 3*s + 0*s - 3*n = 159, 5*s + 2*n = 286. Let r = -20 + s. What is the units digit of r?
6
Let i = 35017 - 19042. What is the ten thousands digit of i?
1
Let j be (0 - -2) + (5 + -29)/(-4). Let p(r) = -r + 27*r - 19 - j. What is the hundreds digit of p(5)?
1
Suppose -28519 = 3*w - 80279 - 34721. What is the ten thousands digit of w?
2
Let n be 4 + (5 + 0 - 7). Suppose 4*p + 5*j - 1573 = 0, j = -n*p + 3*p - 382. What is the units digit of p?
7
Let h(o) = 38*o**2 - 19*o - 18. What is the thousands digit of h(7)?
1
Suppose -15 = -42*v + 37*v. Let u be 14/(-63) - v/(-27)*-88. Let o = 24 + u. What is the units digit of o?
4
Suppose 0 = 4*g + p + 19, 0 = -2*g - 2*g + p - 13. Let l = g - -4. What is the units digit of -2 + (0 - l) + 2 + 30?
0
Let n(s) = -s**3 + 5*s**2 - 6*s + 5. Let w be n(3). Suppose w*d = d - 3*h - 82, 2*d - 3*h + 50 = 0. Let x = d + 41. What is the units digit of x?
9
Suppose 0 = -24*h + 14*h + 21940. Suppose -5*n = 4*t - h, 178 - 723 = -t - 3*n. What is the units digit of t?
1
Let n(v) = -8*v**2 - v + 4. Let w be n(7). Let x = w - -718. What is the tens digit of x?
2
Let n(i) = 3*i**2 - i + 1. Let p be n(1). Suppose t - y - p - 4 = 0, -y + 59 = 5*t. Suppose t*w - 1512 = 2*w. What is the units digit of w?
8
Suppose 0 = -z - 2*g + 7998 + 4630, -3*g = 6. Suppose -z = -47*f + 39*f. What is the units digit of f?
9
Suppose 99*p = 102*p + 1053. Let t = p + 465. What is the hundreds digit of t?
1
Let n = -69 + 73. Let t(w) = 2*w - 2. Let x be t(n). What is the tens digit of x/((-1655)/(-410) - 4)?
6
Suppose -i - 4*i = 4*f - 968, -4*f - i = -968. Let p = -124 + f. What is the hundreds digit of p?
1
Let k(o) = -18*o**3 + 20*o**2 - 5*o - 13. What is the units digit of k(-9)?
4
Let p(v) = -5*v + 4. Let g be p(0). Let t be (22/g)/((-3)/30). Let y = t - -67. What is the tens digit of y?
1
Suppose -z = 4*b - 0*z - 102, 4*b - 3*z - 110 = 0. Suppose 6*q - 2*k - 38 = q, -2*k + b = 3*q. What is the units digit of -1 + (q - (5 + -3))?
5
Let a = -6470 + 28430. What is the hundreds digit of a?
9
Let v(c) = 5*c + 10. Let t be v(-1). Suppose -t*w - 5*w = -1220. What is the tens digit of w?
2
Let t(l) = 2*l - 19. Let k be t(11). Suppose 4*y + 98 = -k*v, 5*v - 36 = y - 0. What is the units digit of y*(-6 - (4 + -8))?
2
Suppose -10 = 2*m, 7*d - 4*d + 5*m - 14 = 0. Suppose d*q = 5*q + 4136. What is the units digit of q?
7
What is the thousands digit of (-68)/((-272)/39345) - (-10)/(-8)?
9
Suppose 123*g - 787162 - 262889 = 0. What is the tens digit of g?
3
Let y(a) = a**2 + 2*a - 7. Let q be y(-3). Let n be (-1)/q*(11 - -1). What is the units digit of -41*(1 - n) - 3?
9
Let d(n) = 248*n - 1094. What is the thousands digit of d(15)?
2
Let m be ((-6)/12 + 11/6)*6. Suppose -41*l + 37*l - m = 0. What is the units digit of -6 + 72 + -3 + l?
1
Let f be 4/24 + 808/48. Suppose 0 = -i + 348 - f. What is the hundreds digit of i?
3
Suppose -11*b + 2*y = -13*b + 7314, 5*y = -4*b + 14622. What is the units digit of b?
3
Let j = 178 + -516. Let n = 41 - j. What is the hundreds digit of n?
3
Let o(c) = 437*c**3 + 0*c - 26*c**2 - 2*c + 27*c**2. What is the units digit of o(1)?
6
Let z = -445 + 240. What is the hundreds digit of 1/5 - 62689/z?
3
Suppose 4*s - 5*s + 8 = 0. Suppose s*l - 5778 = 262. Suppose 3*a = -2*a + l. What is the units digit of a?
1
Let y = 10881 - -3871. What is the hundreds digit of y?
7
Suppose -2410*n - 71240 = -2414*n. What is the tens digit of n?
1
Let v(c) = 3*c**2 - 24*c - 1351. What is the tens digit of v(-103)?
4
Let w(n) = -n**3 - 6*n**2 + 17*n + 14. Let i be w(-8). What is the hundreds digit of -4 - (2 + -5 + i)*-113?
3
Suppose -2*k + 330 = 4*g, -3*g = 4*k - 7*k - 261. Suppose 0 = -w + g + 359. What is the units digit of w?
3
Let c(b) = -2604*b**3 - 3*b**2 + 14*b + 24. What is the units digit of c(-2)?
6
Let p be 1/(-3*(-3)/90). Suppose -2*j - p*j + 780 = 0. What is the tens digit of j?
6
Suppose -2*y = y - 67683. What is the tens digit of y?
6
Suppose -4*y + 3*k = -244, -2*y + 4*k + 148 = 26. Suppose 0*j + 60 = 6*j. Let z = y - j. What is the units digit of z?
1
Suppose a + 5*g = -88, 2*a + 176 = 4*g + g. Suppose c - 502 = 3*u - 0*u, -3*u - 522 = 3*c. Let f = a - u. What is the units digit of f?
1
Suppose -3*i = -z + 1829, -2*z + 7*z = -3*i + 9127. What is the hundreds digit of z/3 + 2 + 60/(-36)?
6
Suppose -22*n + 30 - 8 = 0. What is the tens digit of (-22673)/(-21) -